
Is 6720 a multiple of 34?
False
Is 143 a factor of 8723?
True
Does 73 divide 365?
True
Is 43054 a multiple of 103?
True
Is 27 a factor of 5319?
True
Does 9 divide 11587?
False
Does 49 divide 49?
True
Is 19 a factor of 65949?
True
Is 23 a factor of 9706?
True
Does 12 divide 54432?
True
Does 75 divide 5592?
False
Is 10 a factor of 80?
True
Does 43 divide 54825?
True
Is 16 a factor of 57472?
True
Does 3 divide 589?
False
Is 231 a multiple of 21?
True
Is 47957 a multiple of 12?
False
Is 24007 a multiple of 21?
False
Is 26 a factor of 6117?
False
Is 17 a factor of 7242?
True
Does 250 divide 98000?
True
Does 4 divide 1416?
True
Is 34 a factor of 10472?
True
Is 54494 a multiple of 22?
True
Is 11 a factor of 286?
True
Is 27 a factor of 2165?
False
Is 124 a factor of 12094?
False
Does 9 divide 649?
False
Does 27 divide 8721?
True
Is 65 a factor of 6630?
True
Is 103 a multiple of 11?
False
Is 18 a factor of 2498?
False
Is 5 a factor of 184?
False
Is 5 a factor of 66?
False
Is 522 a multiple of 9?
True
Is 85272 a multiple of 22?
True
Is 97678 a multiple of 332?
False
Is 4 a factor of 836?
True
Is 720 a multiple of 12?
True
Is 1152 a multiple of 36?
True
Is 87823 a multiple of 20?
False
Does 7 divide 11473?
True
Does 72 divide 61322?
False
Does 2 divide 32?
True
Does 12 divide 21852?
True
Does 11 divide 1366?
False
Is 923 a multiple of 13?
True
Does 212 divide 27136?
True
Is 1856 a multiple of 29?
True
Does 5 divide 175?
True
Does 9 divide 2223?
True
Does 2 divide 163?
False
Is 22353 a multiple of 12?
False
Does 6 divide 1548?
True
Is 31554 a multiple of 11?
False
Does 69 divide 1364?
False
Does 8 divide 2168?
True
Is 372 a multiple of 9?
False
Is 369 a multiple of 46?
False
Is 2496 a multiple of 78?
True
Is 20 a factor of 552?
False
Is 13 a factor of 469?
False
Is 75 a factor of 9960?
False
Does 57 divide 2911?
False
Does 42 divide 42859?
False
Is 70 a factor of 10920?
True
Is 20 a factor of 757?
False
Is 30 a factor of 21166?
False
Is 49 a factor of 3018?
False
Is 6 a factor of 2820?
True
Does 164 divide 2527?
False
Is 7 a factor of 1064?
True
Is 17 a factor of 1479?
True
Is 7 a factor of 2089?
False
Does 44 divide 83380?
True
Is 2964 a multiple of 52?
True
Does 40 divide 3986?
False
Is 166 a multiple of 25?
False
Does 9 divide 29?
False
Is 5500 a multiple of 110?
True
Is 4439 a multiple of 193?
True
Is 75 a factor of 6075?
True
Does 6 divide 1086?
True
Is 7506 a multiple of 56?
False
Does 19 divide 1235?
True
Is 15 a factor of 5625?
True
Is 12512 a multiple of 23?
True
Is 4 a factor of 1348?
True
Does 14 divide 209?
False
Does 44 divide 16471?
False
Does 29 divide 385?
False
Is 48 a factor of 1632?
True
Is 3560 a multiple of 40?
True
Is 7329 a multiple of 3?
True
Is 1274 a multiple of 33?
False
Is 3 a factor of 28075?
False
Is 31 a factor of 9052?
True
Is 30 a factor of 450?
True
Is 4187 a multiple of 71?
False
Is 76000 a multiple of 250?
True
Is 48 a factor of 727?
False
Does 6 divide 815?
False
Is 81 a factor of 1944?
True
Is 103 a factor of 17922?
True
Does 137 divide 6850?
True
Is 14 a factor of 336?
True
Does 2 divide 139?
False
Is 30 a factor of 1200?
True
Is 42 a factor of 420?
True
Is 47771 a multiple of 23?
True
Is 4 a factor of 212?
True
Does 17 divide 11829?
False
Is 4 a factor of 10131?
False
Is 23340 a multiple of 12?
True
Does 12 divide 564?
True
Does 13 divide 6284?
False
Is 7 a factor of 4205?
False
Does 19 divide 304?
True
Is 18 a factor of 1548?
True
Is 159 a multiple of 3?
True
Does 66 divide 990?
True
Is 15 a factor of 69?
False
Is 35 a factor of 17920?
True
Is 20034 a multiple of 14?
True
Is 4 a factor of 226?
False
Is 481 a multiple of 67?
False
Does 96 divide 6442?
False
Is 326 a multiple of 3?
False
Does 14 divide 559?
False
Is 193942 a multiple of 49?
True
Is 18 a factor of 558?
True
Is 3 a factor of 2064?
True
Is 18 a factor of 13097?
False
Is 20385 a multiple of 151?
True
Is 37 a factor of 5403?
False
Is 1081 a multiple of 43?
False
Is 115 a factor of 30710?
False
Is 1113 a multiple of 21?
True
Is 11 a factor of 550?
True
Does 32 divide 5088?
True
Is 9270 a multiple of 30?
True
Is 7098 a multiple of 6?
True
Is 10637 a multiple of 11?
True
Is 575 a multiple of 23?
True
Does 4 divide 9?
False
Is 2224 a multiple of 42?
False
Is 227 even?
False
Is 16 a factor of 13869?
False
Is 87 a factor of 12267?
True
Is 14 a factor of 69342?
True
Does 24 divide 4536?
True
Is 42 a factor of 634?
False
Is 29 a factor of 17838?
False
Does 13 divide 60?
False
Is 4 a factor of 388?
True
Does 16 divide 1008?
True
Does 29 divide 58?
True
Is 25 a factor of 7040?
False
Is 46060 a multiple of 35?
True
Does 12 divide 130950?
False
Does 201 divide 22235?
False
Is 15 a factor of 1710?
True
Does 20 divide 260?
True
Is 20 a factor of 513?
False
Is 7557 a multiple of 11?
True
Is 13 a factor of 910?
True
Does 14 divide 3168?
False
Is 30 a factor of 270?
True
Is 853 a multiple of 23?
False
Does 10 divide 25650?
True
Does 3 divide 1345?
False
Is 332 a multiple of 2?
True
Is 63 a multiple of 21?
True
Is 13501 a multiple of 23?
True
Is 9 a factor of 452?
False
Is 41 a factor of 403?
False
Does 38 divide 101?
False
Is 20 a factor of 35736?
False
Is 990 a multiple of 11?
True
Does 11 divide 407?
True
Is 10 a factor of 48380?
True
Does 9 divide 216?
True
Is 82 a factor of 8774?
True
Does 10 divide 1441?
False
Is 468 a multiple of 8?
False
Is 70 a factor of 1253?
False
Does 5 divide 315?
True
Is 41 a factor of 7503?
True
Is 25 a factor of 53866?
False
Is 91 a factor of 4589?
False
Does 8 divide 786?
False
Is 1426 a multiple of 23?
True
Is 4158 a multiple of 99?
True
Is 70 a factor of 520?
False
Is 690 a multiple of 23?
True
Does 243 divide 36028?
False
Does 45 divide 6214?
False
Is 456 a multiple of 10?
False
Does 13 divide 3731?
True
Is 19 a factor of 2432?
True
Does 7 divide 12814?
False
Does 34 divide 15368?
True
Does 58 divide 29232?
True
Is 82 a multiple of 2?
True
Is 91 a factor of 775?
False
Is 111 a factor of 35360?
False
Is 124047 a multiple of 65?
False
Does 2 divide 3487?
False
Is 12612 a multiple of 82?
False
Is 52 a factor of 364?
True
Is 12965 a multiple of 64?
False
Does 80 divide 22246?
False
Is 347 a multiple of 47?
False
Is 201 a multiple of 30?
False
Is 4822 a multiple of 130?
False
Is 10 a factor of 2310?
True
Is 33 a factor of 233?
False
Does 26 divide 26?
True
Is 16 a factor of 59696?
True
Is 7 a factor of 19?
False
Does 53 divide 7314?
True
Is 11 a factor of 1151?
False
Is 497 a multiple of 20?
False
Does 15 divide 62?
False
Does 101 divide 28605?
False
Does 13 divide 702?
True
Is 57 a factor of 47126?
False
Does 14 divide 3510?
False
Does 11 divide 10723?
False
Is 12 a factor of 3882?
False
Is 76 a multiple of 2?
True
Is 9 a factor of 342?
True
Is 18315 a multiple of 15?
True
Is 6075 a multiple of 135?
True
Is 4 a factor of 7459?
False
Is 1460 a multiple of 73?
True
Is 1393 a multiple of 12?
False
Is 9 a factor of 877?
False
Is 109 a factor of 1897?
False
Does 5 divide 311?
False
Does 99 divide 23958?
True
Is 12720 a multiple of 240?
True
Is 76 a factor of 988?
True
Is 349 a multiple of 2?
False
Does 15 divide 165?
True
Is 56 a multiple of 4?
True
Is 225 a factor of 17550?
True
Is 24007 a multiple of 127?
False
Is 2 a factor of 8653?
False
Does 34 divide 306?
True
Is 171 a factor of 11199?
False
Does 22 divide 55462?
True
Is 27 a factor of 350?
False
Does 68 divide 204?
True
Does 32 divide 343?
False
Does 2 divide 351?
False
Does 51 divide 1455?
False
Is 38719 a multiple of 31?
True
Does 31 divide 2759?
True
Does 28 divide 4308?
False
Is 20 a factor of 259?
False
Is 988 a multiple of 28?
False
Does 50 divide 68200?
True
Does 24 divide 42384?
True
Is 1470 a multiple of 49?
True
Is 12 a factor of 1896?
True
Does 212 divide 79396?
False
Does 101 divide 42387?
False
Is 24 a factor of 4251?
False
Does 84 divide 2102?
False
Does 37 divide 927?
False
Is 192 a multiple of 7?
False
Is 388 a factor of 8924?
True
Is 48279 a multiple of 57?
True
Does 31 divide 31403?
True
Is 47 a multiple of 16?
False
Does 33 divide 7209?
False
Is 44 a factor of 528?
True
Is 1242 a multiple of 18?
True
Is 8 a factor of 1693?
False
Is 72 a multiple of 18?
True
Is 6 a factor of 2826?
True
Is 35902 a multiple of 6?
False
Does 60 divide 9666?
False
Is 1260 a multiple of